{"id":13360,"date":"2024-01-25T11:55:12","date_gmt":"2024-01-25T10:55:12","guid":{"rendered":"https:\/\/insta.systemtest.io\/?post_type=jobs&#038;p=13360"},"modified":"2024-01-25T11:55:12","modified_gmt":"2024-01-25T10:55:12","slug":"elektronikutvecklingstekniker-m-f-d","status":"publish","type":"jobs","link":"https:\/\/www.instalighting.de\/sv\/jobs\/techniker-elektronikentwicklung-m-w-d\/","title":{"rendered":"Tekniker \/ Elektronikutveckling (m\/f\/d)"},"content":{"rendered":"<p class=\"has-black-color has-text-color\" style=\"font-size:26px\"><strong>Tillsvidareanst\u00e4llning, heltid eller deltid, med start omg\u00e5ende<\/strong><\/p>\n\n\n\n<p><\/p>\n\n\n\n<p><strong>Skapa nya m\u00f6jligheter genom ljus<\/strong><br>Intelligent ljus \u00e4r mer \u00e4n teknik - en<br>Uppgradering f\u00f6r st\u00e4der, turism, transporter, ekologi, shoppingupplevelser, s\u00e4kerhet och det uppkopplade<br>Morgondagens v\u00e4rld. V\u00e5ra belysningsl\u00f6sningar erbjuder konkret merv\u00e4rde f\u00f6r kunder och anv\u00e4ndare. I mer \u00e4n 30 \u00e5r har vi p\u00e5 InstaLighting sysslat med fr\u00e5gan om hur vi kan skapa detta merv\u00e4rde.<br>Vill du vara med och aktivt bidra till vidareutvecklingen av InstaLighting?<\/p>\n\n\n\n<p><strong>Du ansvarar f\u00f6r<\/strong><\/p>\n\n\n\n<ul class=\"wp-block-list\">\n<li>Produktutveckling av intelligenta LED-belysningssystem<\/li>\n\n\n\n<li>Support, underh\u00e5ll och vidareutveckling av det befintliga modulsystemet med LED-moduler, str\u00f6mf\u00f6rs\u00f6rjningsenheter och kontrollkomponenter<\/li>\n\n\n\n<li>Observation av marknadstrender f\u00f6r ny LED-teknik<\/li>\n\n\n\n<li>F\u00f6rvaltning av externa utvecklingspartner<\/li>\n\n\n\n<li>Utv\u00e4rdering av EMC-m\u00e4tresultat och s\u00e4kerst\u00e4llande av \u00f6verensst\u00e4mmelse med relevanta standarder<\/li>\n<\/ul>\n\n\n\n<p><strong><strong>din profil<\/strong><\/strong><\/p>\n\n\n\n<ul class=\"wp-block-list\">\n<li>Avslutade studier i elteknik, automations- eller belysningsteknik eller elteknisk utbildning i ett j\u00e4mf\u00f6rbart yrke<\/li>\n\n\n\n<li>Erfarenhet av dimensionering av elektroniska kretsar, f\u00f6retr\u00e4desvis med avseende p\u00e5 belysningsteknik och kretskortslayout.<\/li>\n\n\n\n<li>F\u00f6rk\u00e4rlek f\u00f6r arkitektonisk belysning, helst ocks\u00e5 med kunskap om ljusteknik eller optik<\/li>\n\n\n\n<li>Erfarenhet av m\u00e4tning och bed\u00f6mning av elektromagnetisk kompatibilitet<\/li>\n<\/ul>\n\n\n\n<p><strong>Vad vi erbjuder dig<\/strong><\/p>\n\n\n\n<ul class=\"wp-block-list\">\n<li>Familjev\u00e4nlig arbetsmilj\u00f6<\/li>\n\n\n\n<li>Flexibel arbetstid<\/li>\n\n\n\n<li>Attraktiv ers\u00e4ttning<\/li>\n\n\n\n<li>Chansen att v\u00e4xa med utmaningar och att f\u00f6rverkliga individuella m\u00e5l<\/li>\n\n\n\n<li>M\u00e5ngfaldig utbildning och m\u00f6jligheter till vidareutbildning<\/li>\n<\/ul>\n\n\n\n<p>Bli en del av v\u00e5rt team!<br>Martin svarar g\u00e4rna p\u00e5 alla fr\u00e5gor du kan ha:<br>Martin L\u00e5ng<br>Tfn 02351 \u2013 65619 17<br>personal@instalighting.de<\/p>\n\n\n\n<figure class=\"wp-block-image size-large\"><img loading=\"lazy\" decoding=\"async\" width=\"1024\" height=\"363\" src=\"https:\/\/instalighting.de\/wp-content\/uploads\/2023\/03\/image-1024x363.png\" alt=\"\" class=\"wp-image-12267\" srcset=\"https:\/\/www.instalighting.de\/wp-content\/uploads\/2023\/03\/image-1024x363.png 1024w, https:\/\/www.instalighting.de\/wp-content\/uploads\/2023\/03\/image-300x106.png 300w, https:\/\/www.instalighting.de\/wp-content\/uploads\/2023\/03\/image-768x272.png 768w, https:\/\/www.instalighting.de\/wp-content\/uploads\/2023\/03\/image-18x6.png 18w, https:\/\/www.instalighting.de\/wp-content\/uploads\/2023\/03\/image.png 1157w\" sizes=\"auto, (max-width: 1024px) 100vw, 1024px\" \/><\/figure>","protected":false},"template":"templates\/single-jobs.php","class_list":["post-13360","jobs","type-jobs","status-publish","hentry"],"acf":[],"yoast_head":"<!-- This site is optimized with the Yoast SEO plugin v27.5 - https:\/\/yoast.com\/product\/yoast-seo-wordpress\/ -->\n<title>Techniker \/ Elektronikentwicklung (m\/w\/d) - InstaLighting<\/title>\n<meta name=\"robots\" content=\"index, follow, max-snippet:-1, max-image-preview:large, max-video-preview:-1\" \/>\n<link rel=\"canonical\" href=\"https:\/\/www.instalighting.de\/sv\/jobb\/elektronikutvecklingstekniker-m-f-d\/\" \/>\n<meta property=\"og:locale\" content=\"sv_SE\" \/>\n<meta property=\"og:type\" content=\"article\" \/>\n<meta property=\"og:title\" content=\"Techniker \/ Elektronikentwicklung (m\/w\/d) - InstaLighting\" \/>\n<meta property=\"og:description\" content=\"Festanstellung, Vollzeit oder Teilzeit, ab sofort Neue M\u00f6glichkeiten schaffen durch LichtIntelligentes Licht ist mehr als Technologie \u2013 eineAufwertung f\u00fcr St\u00e4dte, Tourismus, Verkehr, \u00d6kologie, Shopping-Erlebnisse, Sicherheit und die vernetzteWelt von morgen. Unsere Lichtl\u00f6sungen bieten konkrete Mehrwerte f\u00fcr Kunden und Nutzer. Seit mehr als 30 Jahren besch\u00e4ftigen wir uns bei InstaLighting mit der Frage, wie wir diese [&hellip;]\" \/>\n<meta property=\"og:url\" content=\"https:\/\/www.instalighting.de\/sv\/jobb\/elektronikutvecklingstekniker-m-f-d\/\" \/>\n<meta property=\"og:site_name\" content=\"InstaLighting\" \/>\n<meta property=\"og:image\" content=\"https:\/\/instalighting.de\/wp-content\/uploads\/2023\/03\/image-1024x363.png\" \/>\n<meta name=\"twitter:card\" content=\"summary_large_image\" \/>\n<meta name=\"twitter:label1\" content=\"Ber\u00e4knad l\u00e4stid\" \/>\n\t<meta name=\"twitter:data1\" content=\"2 minuter\" \/>\n<script type=\"application\/ld+json\" class=\"yoast-schema-graph\">{\"@context\":\"https:\\\/\\\/schema.org\",\"@graph\":[{\"@type\":\"WebPage\",\"@id\":\"https:\\\/\\\/www.instalighting.de\\\/es\\\/trabajos\\\/tecnico-de-desarrollo-electronico-m-f-d\\\/\",\"url\":\"https:\\\/\\\/www.instalighting.de\\\/es\\\/trabajos\\\/tecnico-de-desarrollo-electronico-m-f-d\\\/\",\"name\":\"Techniker \\\/ Elektronikentwicklung (m\\\/w\\\/d) - InstaLighting\",\"isPartOf\":{\"@id\":\"https:\\\/\\\/www.instalighting.de\\\/sv\\\/#website\"},\"primaryImageOfPage\":{\"@id\":\"https:\\\/\\\/www.instalighting.de\\\/es\\\/trabajos\\\/tecnico-de-desarrollo-electronico-m-f-d\\\/#primaryimage\"},\"image\":{\"@id\":\"https:\\\/\\\/www.instalighting.de\\\/es\\\/trabajos\\\/tecnico-de-desarrollo-electronico-m-f-d\\\/#primaryimage\"},\"thumbnailUrl\":\"https:\\\/\\\/instalighting.de\\\/wp-content\\\/uploads\\\/2023\\\/03\\\/image-1024x363.png\",\"datePublished\":\"2024-01-25T10:55:12+00:00\",\"breadcrumb\":{\"@id\":\"https:\\\/\\\/www.instalighting.de\\\/es\\\/trabajos\\\/tecnico-de-desarrollo-electronico-m-f-d\\\/#breadcrumb\"},\"inLanguage\":\"sv-SE\",\"potentialAction\":[{\"@type\":\"ReadAction\",\"target\":[\"https:\\\/\\\/www.instalighting.de\\\/es\\\/trabajos\\\/tecnico-de-desarrollo-electronico-m-f-d\\\/\"]}]},{\"@type\":\"ImageObject\",\"inLanguage\":\"sv-SE\",\"@id\":\"https:\\\/\\\/www.instalighting.de\\\/es\\\/trabajos\\\/tecnico-de-desarrollo-electronico-m-f-d\\\/#primaryimage\",\"url\":\"https:\\\/\\\/instalighting.de\\\/wp-content\\\/uploads\\\/2023\\\/03\\\/image-1024x363.png\",\"contentUrl\":\"https:\\\/\\\/instalighting.de\\\/wp-content\\\/uploads\\\/2023\\\/03\\\/image-1024x363.png\"},{\"@type\":\"BreadcrumbList\",\"@id\":\"https:\\\/\\\/www.instalighting.de\\\/es\\\/trabajos\\\/tecnico-de-desarrollo-electronico-m-f-d\\\/#breadcrumb\",\"itemListElement\":[{\"@type\":\"ListItem\",\"position\":1,\"name\":\"instalighting.de\",\"item\":\"https:\\\/\\\/www.instalighting.de\\\/\"},{\"@type\":\"ListItem\",\"position\":2,\"name\":\"Techniker \\\/ Elektronikentwicklung (m\\\/w\\\/d)\"}]},{\"@type\":\"WebSite\",\"@id\":\"https:\\\/\\\/www.instalighting.de\\\/sv\\\/#website\",\"url\":\"https:\\\/\\\/www.instalighting.de\\\/sv\\\/\",\"name\":\"InstaLighting\",\"description\":\"Light as a solution\",\"potentialAction\":[{\"@type\":\"SearchAction\",\"target\":{\"@type\":\"EntryPoint\",\"urlTemplate\":\"https:\\\/\\\/www.instalighting.de\\\/sv\\\/?s={search_term_string}\"},\"query-input\":{\"@type\":\"PropertyValueSpecification\",\"valueRequired\":true,\"valueName\":\"search_term_string\"}}],\"inLanguage\":\"sv-SE\"}]}<\/script>\n<!-- \/ Yoast SEO plugin. -->","yoast_head_json":{"title":"Tekniker \/ Elektronikutveckling (m\/f\/d) - InstaLighting","robots":{"index":"index","follow":"follow","max-snippet":"max-snippet:-1","max-image-preview":"max-image-preview:large","max-video-preview":"max-video-preview:-1"},"canonical":"https:\/\/www.instalighting.de\/sv\/jobb\/elektronikutvecklingstekniker-m-f-d\/","og_locale":"sv_SE","og_type":"article","og_title":"Techniker \/ Elektronikentwicklung (m\/w\/d) - InstaLighting","og_description":"Festanstellung, Vollzeit oder Teilzeit, ab sofort Neue M\u00f6glichkeiten schaffen durch LichtIntelligentes Licht ist mehr als Technologie \u2013 eineAufwertung f\u00fcr St\u00e4dte, Tourismus, Verkehr, \u00d6kologie, Shopping-Erlebnisse, Sicherheit und die vernetzteWelt von morgen. Unsere Lichtl\u00f6sungen bieten konkrete Mehrwerte f\u00fcr Kunden und Nutzer. Seit mehr als 30 Jahren besch\u00e4ftigen wir uns bei InstaLighting mit der Frage, wie wir diese [&hellip;]","og_url":"https:\/\/www.instalighting.de\/sv\/jobb\/elektronikutvecklingstekniker-m-f-d\/","og_site_name":"InstaLighting","og_image":[{"url":"https:\/\/instalighting.de\/wp-content\/uploads\/2023\/03\/image-1024x363.png","type":"","width":"","height":""}],"twitter_card":"summary_large_image","twitter_misc":{"Ber\u00e4knad l\u00e4stid":"2 minuter"},"schema":{"@context":"https:\/\/schema.org","@graph":[{"@type":"WebPage","@id":"https:\/\/www.instalighting.de\/es\/trabajos\/tecnico-de-desarrollo-electronico-m-f-d\/","url":"https:\/\/www.instalighting.de\/es\/trabajos\/tecnico-de-desarrollo-electronico-m-f-d\/","name":"Tekniker \/ Elektronikutveckling (m\/f\/d) - InstaLighting","isPartOf":{"@id":"https:\/\/www.instalighting.de\/sv\/#website"},"primaryImageOfPage":{"@id":"https:\/\/www.instalighting.de\/es\/trabajos\/tecnico-de-desarrollo-electronico-m-f-d\/#primaryimage"},"image":{"@id":"https:\/\/www.instalighting.de\/es\/trabajos\/tecnico-de-desarrollo-electronico-m-f-d\/#primaryimage"},"thumbnailUrl":"https:\/\/instalighting.de\/wp-content\/uploads\/2023\/03\/image-1024x363.png","datePublished":"2024-01-25T10:55:12+00:00","breadcrumb":{"@id":"https:\/\/www.instalighting.de\/es\/trabajos\/tecnico-de-desarrollo-electronico-m-f-d\/#breadcrumb"},"inLanguage":"sv-SE","potentialAction":[{"@type":"ReadAction","target":["https:\/\/www.instalighting.de\/es\/trabajos\/tecnico-de-desarrollo-electronico-m-f-d\/"]}]},{"@type":"ImageObject","inLanguage":"sv-SE","@id":"https:\/\/www.instalighting.de\/es\/trabajos\/tecnico-de-desarrollo-electronico-m-f-d\/#primaryimage","url":"https:\/\/instalighting.de\/wp-content\/uploads\/2023\/03\/image-1024x363.png","contentUrl":"https:\/\/instalighting.de\/wp-content\/uploads\/2023\/03\/image-1024x363.png"},{"@type":"BreadcrumbList","@id":"https:\/\/www.instalighting.de\/es\/trabajos\/tecnico-de-desarrollo-electronico-m-f-d\/#breadcrumb","itemListElement":[{"@type":"ListItem","position":1,"name":"instalighting.de","item":"https:\/\/www.instalighting.de\/"},{"@type":"ListItem","position":2,"name":"Techniker \/ Elektronikentwicklung (m\/w\/d)"}]},{"@type":"WebSite","@id":"https:\/\/www.instalighting.de\/sv\/#website","url":"https:\/\/www.instalighting.de\/sv\/","name":"InstaLighting","description":"Ljus som l\u00f6sning","potentialAction":[{"@type":"SearchAction","target":{"@type":"EntryPoint","urlTemplate":"https:\/\/www.instalighting.de\/sv\/?s={search_term_string}"},"query-input":{"@type":"PropertyValueSpecification","valueRequired":true,"valueName":"search_term_string"}}],"inLanguage":"sv-SE"}]}},"_links":{"self":[{"href":"https:\/\/www.instalighting.de\/sv\/wp-json\/wp\/v2\/jobs\/13360","targetHints":{"allow":["GET"]}}],"collection":[{"href":"https:\/\/www.instalighting.de\/sv\/wp-json\/wp\/v2\/jobs"}],"about":[{"href":"https:\/\/www.instalighting.de\/sv\/wp-json\/wp\/v2\/types\/jobs"}],"wp:attachment":[{"href":"https:\/\/www.instalighting.de\/sv\/wp-json\/wp\/v2\/media?parent=13360"}],"curies":[{"name":"wp","href":"https:\/\/api.w.org\/{rel}","templated":true}]}}

<p class="has-black-color has-text-color" style="font-size:26px"><strong>Tillsvidareanställning, heltid eller deltid, med start omgående</strong></p>



<p></p>



<p><strong>Skapa nya möjligheter genom ljus</strong><br>Intelligent ljus är mer än teknik - en<br>Uppgradering för städer, turism, transporter, ekologi, shoppingupplevelser, säkerhet och det uppkopplade<br>Morgondagens värld. Våra belysningslösningar erbjuder konkret mervärde för kunder och användare. I mer än 30 år har vi på InstaLighting sysslat med frågan om hur vi kan skapa detta mervärde.<br>Vill du vara med och aktivt bidra till vidareutvecklingen av InstaLighting?</p>



<p><strong>Du ansvarar för</strong></p>



<ul class="wp-block-list">
<li>Produktutveckling av intelligenta LED-belysningssystem</li>



<li>Support, underhåll och vidareutveckling av det befintliga modulsystemet med LED-moduler, strömförsörjningsenheter och kontrollkomponenter</li>



<li>Observation av marknadstrender för ny LED-teknik</li>



<li>Förvaltning av externa utvecklingspartner</li>



<li>Utvärdering av EMC-mätresultat och säkerställande av överensstämmelse med relevanta standarder</li>
</ul>



<p><strong><strong>din profil</strong></strong></p>



<ul class="wp-block-list">
<li>Avslutade studier i elteknik, automations- eller belysningsteknik eller elteknisk utbildning i ett jämförbart yrke</li>



<li>Erfarenhet av dimensionering av elektroniska kretsar, företrädesvis med avseende på belysningsteknik och kretskortslayout.</li>



<li>Förkärlek för arkitektonisk belysning, helst också med kunskap om ljusteknik eller optik</li>



<li>Erfarenhet av mätning och bedömning av elektromagnetisk kompatibilitet</li>
</ul>



<p><strong>Vad vi erbjuder dig</strong></p>



<ul class="wp-block-list">
<li>Familjevänlig arbetsmiljö</li>



<li>Flexibel arbetstid</li>



<li>Attraktiv ersättning</li>



<li>Chansen att växa med utmaningar och att förverkliga individuella mål</li>



<li>Mångfaldig utbildning och möjligheter till vidareutbildning</li>
</ul>



<p>Bli en del av vårt team!<br>Martin svarar gärna på alla frågor du kan ha:<br>Martin Lång<br>Tfn 02351 – 65619 17<br>personal@instalighting.de</p>



<figure class="wp-block-image size-large"><img loading="lazy" decoding="async" width="1024" height="363" src="https://instalighting.de/wp-content/uploads/2023/03/image-1024x363.png" alt="" class="wp-image-12267" srcset="https://www.instalighting.de/wp-content/uploads/2023/03/image-1024x363.png 1024w, https://www.instalighting.de/wp-content/uploads/2023/03/image-300x106.png 300w, https://www.instalighting.de/wp-content/uploads/2023/03/image-768x272.png 768w, https://www.instalighting.de/wp-content/uploads/2023/03/image-18x6.png 18w, https://www.instalighting.de/wp-content/uploads/2023/03/image.png 1157w" sizes="auto, (max-width: 1024px) 100vw, 1024px" /></figure>

<!-- This site is optimized with the Yoast SEO plugin v27.5 - https://yoast.com/product/yoast-seo-wordpress/ -->
<title>Techniker / Elektronikentwicklung (m/w/d) - InstaLighting</title>
<meta name="robots" content="index, follow, max-snippet:-1, max-image-preview:large, max-video-preview:-1" />
<link rel="canonical" href="https://www.instalighting.de/sv/jobb/elektronikutvecklingstekniker-m-f-d/" />
<meta property="og:locale" content="sv_SE" />
<meta property="og:type" content="article" />
<meta property="og:title" content="Techniker / Elektronikentwicklung (m/w/d) - InstaLighting" />
<meta property="og:description" content="Festanstellung, Vollzeit oder Teilzeit, ab sofort Neue Möglichkeiten schaffen durch LichtIntelligentes Licht ist mehr als Technologie – eineAufwertung für Städte, Tourismus, Verkehr, Ökologie, Shopping-Erlebnisse, Sicherheit und die vernetzteWelt von morgen. Unsere Lichtlösungen bieten konkrete Mehrwerte für Kunden und Nutzer. Seit mehr als 30 Jahren beschäftigen wir uns bei InstaLighting mit der Frage, wie wir diese [&hellip;]" />
<meta property="og:url" content="https://www.instalighting.de/sv/jobb/elektronikutvecklingstekniker-m-f-d/" />
<meta property="og:site_name" content="InstaLighting" />
<meta property="og:image" content="https://instalighting.de/wp-content/uploads/2023/03/image-1024x363.png" />
<meta name="twitter:card" content="summary_large_image" />
<meta name="twitter:label1" content="Beräknad lästid" />
	<meta name="twitter:data1" content="2 minuter" />
<script type="application/ld+json" class="yoast-schema-graph">{"@context":"https:\/\/schema.org","@graph":[{"@type":"WebPage","@id":"https:\/\/www.instalighting.de\/es\/trabajos\/tecnico-de-desarrollo-electronico-m-f-d\/","url":"https:\/\/www.instalighting.de\/es\/trabajos\/tecnico-de-desarrollo-electronico-m-f-d\/","name":"Techniker \/ Elektronikentwicklung (m\/w\/d) - InstaLighting","isPartOf":{"@id":"https:\/\/www.instalighting.de\/sv\/#website"},"primaryImageOfPage":{"@id":"https:\/\/www.instalighting.de\/es\/trabajos\/tecnico-de-desarrollo-electronico-m-f-d\/#primaryimage"},"image":{"@id":"https:\/\/www.instalighting.de\/es\/trabajos\/tecnico-de-desarrollo-electronico-m-f-d\/#primaryimage"},"thumbnailUrl":"https:\/\/instalighting.de\/wp-content\/uploads\/2023\/03\/image-1024x363.png","datePublished":"2024-01-25T10:55:12+00:00","breadcrumb":{"@id":"https:\/\/www.instalighting.de\/es\/trabajos\/tecnico-de-desarrollo-electronico-m-f-d\/#breadcrumb"},"inLanguage":"sv-SE","potentialAction":[{"@type":"ReadAction","target":["https:\/\/www.instalighting.de\/es\/trabajos\/tecnico-de-desarrollo-electronico-m-f-d\/"]}]},{"@type":"ImageObject","inLanguage":"sv-SE","@id":"https:\/\/www.instalighting.de\/es\/trabajos\/tecnico-de-desarrollo-electronico-m-f-d\/#primaryimage","url":"https:\/\/instalighting.de\/wp-content\/uploads\/2023\/03\/image-1024x363.png","contentUrl":"https:\/\/instalighting.de\/wp-content\/uploads\/2023\/03\/image-1024x363.png"},{"@type":"BreadcrumbList","@id":"https:\/\/www.instalighting.de\/es\/trabajos\/tecnico-de-desarrollo-electronico-m-f-d\/#breadcrumb","itemListElement":[{"@type":"ListItem","position":1,"name":"instalighting.de","item":"https:\/\/www.instalighting.de\/"},{"@type":"ListItem","position":2,"name":"Techniker \/ Elektronikentwicklung (m\/w\/d)"}]},{"@type":"WebSite","@id":"https:\/\/www.instalighting.de\/sv\/#website","url":"https:\/\/www.instalighting.de\/sv\/","name":"InstaLighting","description":"Light as a solution","potentialAction":[{"@type":"SearchAction","target":{"@type":"EntryPoint","urlTemplate":"https:\/\/www.instalighting.de\/sv\/?s={search_term_string}"},"query-input":{"@type":"PropertyValueSpecification","valueRequired":true,"valueName":"search_term_string"}}],"inLanguage":"sv-SE"}]}</script>
<!-- / Yoast SEO plugin. -->

Festanstellung, Vollzeit oder Teilzeit, ab sofort Neue Möglichkeiten schaffen durch LichtIntelligentes Licht ist mehr als Technologie – eineAufwertung für Städte, Tourismus, Verkehr, Ökologie, Shopping-Erlebnisse, Sicherheit und die vernetzteWelt von morgen. Unsere Lichtlösungen bieten konkrete Mehrwerte für Kunden und Nutzer. Seit mehr als 30 Jahren beschäftigen wir uns bei InstaLighting mit der Frage, wie wir diese [&hellip;]

Ljus som lösning
